{"id":3478,"date":"2025-08-11T11:05:04","date_gmt":"2025-08-11T09:05:04","guid":{"rendered":"https:\/\/irma.ac\/nosso-trabalho\/reflexoes-coletivas\/"},"modified":"2025-12-18T18:55:18","modified_gmt":"2025-12-18T17:55:18","slug":"reflexoes-coletivas","status":"publish","type":"page","link":"https:\/\/irma.ac\/pt-br\/nosso-trabalho\/reflexoes-coletivas\/","title":{"rendered":"Reflex\u00f5es Coletivas"},"content":{"rendered":"<p>[et_pb_section fb_built=&#8221;1&#8243; _builder_version=&#8221;4.27.4&#8243; _module_preset=&#8221;default&#8221; custom_margin=&#8221;2rem||3rem||false|false&#8221; global_colors_info=&#8221;{}&#8221;][et_pb_row column_structure=&#8221;2_5,3_5&#8243; _builder_version=&#8221;4.27.4&#8243; _module_preset=&#8221;default&#8221; custom_margin=&#8221;||||false|false&#8221; custom_padding=&#8221;||3rem||false|false&#8221; global_colors_info=&#8221;{}&#8221;][et_pb_column type=&#8221;2_5&#8243; _builder_version=&#8221;4.27.4&#8243; _module_preset=&#8221;default&#8221; global_colors_info=&#8221;{}&#8221;][et_pb_text _builder_version=&#8221;4.27.4&#8243; _module_preset=&#8221;default&#8221; global_colors_info=&#8221;{}&#8221;]<\/p>\n<h1>Qual \u00e9 o papel d@s m\u00fasic@s em um mundo em crise?<\/h1>\n<p>[\/et_pb_text][\/et_pb_column][et_pb_column type=&#8221;3_5&#8243; _builder_version=&#8221;4.27.4&#8243; _module_preset=&#8221;default&#8221; global_colors_info=&#8221;{}&#8221;][et_pb_text _builder_version=&#8221;4.27.4&#8243; _module_preset=&#8221;default&#8221; global_colors_info=&#8221;{}&#8221;]<\/p>\n<p>Acreditamos que @s artistas s\u00e3o capazes de catalisar mudan\u00e7as positivas. Nos tempos atuais, cada vez mais complexos, interconectados e desafiadores, n\u00e3o podemos nos dar ao luxo de ignorar sua rica fonte de inspira\u00e7\u00e3o. Portanto, organizamos workshops participativos nos quais mobilizamos a intelig\u00eancia coletiva e a criatividade d@s m\u00fasic@s em busca de respostas para algumas das crises mais urgentes do mundo.  <\/p>\n<p>Os workshops participativos s\u00e3o organizados em duas partes. A primeira consiste em uma mesa redonda, na qual s\u00e3o apresentados exemplos existentes de iniciativas ou a\u00e7\u00f5es de m\u00fasic@s sobre t\u00f3picos selecionados, inclusive de artistas locais. O objetivo \u00e9 inspirar @s participantes a imaginar iniciativas com forte potencial de impacto social.  <\/p>\n<p>Em seguida, @s participantes s\u00e3o convidad@s a trabalhar em grupos para desenvolver estrat\u00e9gias concretas usando uma metodologia de Design Thinking. Essa abordagem incentiva a gera\u00e7\u00e3o de ideias inovadoras, a sele\u00e7\u00e3o de solu\u00e7\u00f5es relevantes e seu aprimoramento. Al\u00e9m dos resultados diretos que produz, essa t\u00e9cnica \u00e9 valiosa para que @s artistas desenvolvam novas ideias, independentemente do t\u00f3pico. Em seguida, os grupos compartilham suas descobertas em uma sess\u00e3o plen\u00e1ria.   <\/p>\n<p>Por fim, os resultados dessas reflex\u00f5es coletivas s\u00e3o agregados, analisados e publicados. O primeiro evento dessa s\u00e9rie foi realizado no L&#8217;Interlope (Case \u00e0 Chocs, Neuch\u00e2tel) em 2024. <\/p>\n<p>[\/et_pb_text][\/et_pb_column][\/et_pb_row][\/et_pb_section][et_pb_section fb_built=&#8221;1&#8243; _builder_version=&#8221;4.27.4&#8243; _module_preset=&#8221;default&#8221; background_color=&#8221;#7FFFF6&#8243; custom_margin=&#8221;||||false|false&#8221; custom_padding=&#8221;||0px||false|false&#8221; hover_enabled=&#8221;0&#8243; global_colors_info=&#8221;{}&#8221; sticky_enabled=&#8221;0&#8243;][et_pb_row column_structure=&#8221;1_2,1_2&#8243; disabled_on=&#8221;off|off|off&#8221; admin_label=&#8221;Todas as vers\u00f5es&#8221; _builder_version=&#8221;4.27.5&#8243; _module_preset=&#8221;default&#8221; custom_margin=&#8221;||3rem||false|false&#8221; custom_padding=&#8221;||||false|false&#8221; hover_enabled=&#8221;0&#8243; global_colors_info=&#8221;{}&#8221; sticky_enabled=&#8221;0&#8243;][et_pb_column type=&#8221;1_2&#8243; _builder_version=&#8221;4.27.4&#8243; _module_preset=&#8221;default&#8221; global_colors_info=&#8221;{}&#8221;][et_pb_image src=&#8221;https:\/\/irma.ac\/wp-content\/uploads\/2025\/10\/Vignette_Reflexions-Collectives-Neuchatel.jpg&#8221; title_text=&#8221;Vinheta_Reflex\u00f5es-Coletivos-Neuchatel&#8221; url=&#8221;@ET-DC@eyJkeW5hbWljIjp0cnVlLCJjb250ZW50IjoicG9zdF9saW5rX3VybF9hdHRhY2htZW50Iiwic2V0dGluZ3MiOnsicG9zdF9pZCI6IjI1NDIifX0=@&#8221; module_class=&#8221;image-cadre-var zoom-hover&#8221; _builder_version=&#8221;4.27.4&#8243; _dynamic_attributes=&#8221;url&#8221; _module_preset=&#8221;default&#8221; custom_margin=&#8221;2rem||||false|false&#8221; global_colors_info=&#8221;{}&#8221;][\/et_pb_image][\/et_pb_column][et_pb_column type=&#8221;1_2&#8243; _builder_version=&#8221;4.27.4&#8243; _module_preset=&#8221;default&#8221; global_colors_info=&#8221;{}&#8221;][et_pb_text _builder_version=&#8221;4.27.5&#8243; _module_preset=&#8221;default&#8221; text_orientation=&#8221;center&#8221; custom_margin=&#8221;80px||||false|false&#8221; hover_enabled=&#8221;0&#8243; text_orientation_last_edited=&#8221;off|desktop&#8221; global_colors_info=&#8221;{}&#8221; sticky_enabled=&#8221;0&#8243;]<\/p>\n<p style=\"text-align: left;\">Seus resultados est\u00e3o dispon\u00edveis em um relat\u00f3rio do evento (somente em franc\u00eas &#8211; clique na imagem). O projeto foi apoiado pelo Cant\u00e3o de Neuch\u00e2tel como parte de seu programa <a href=\"https:\/\/www.ne.ch\/autorites\/DECS\/Pages\/Programme-vivre-ensemble.aspx\">vivre ensemble<\/a>. <\/p>\n<p>[\/et_pb_text][et_pb_image src=&#8221;https:\/\/irma.ac\/wp-content\/uploads\/2025\/11\/logo_Etat-NE.svg&#8221; title_text=&#8221;logo_Etat-NE&#8221; align=&#8221;center&#8221; _builder_version=&#8221;4.27.5&#8243; _module_preset=&#8221;default&#8221; width=&#8221;40%&#8221; module_alignment=&#8221;center&#8221; global_colors_info=&#8221;{}&#8221;][\/et_pb_image][\/et_pb_column][\/et_pb_row][et_pb_row module_class=&#8221;image-cadre&#8221; _builder_version=&#8221;4.27.5&#8243; _module_preset=&#8221;default&#8221; width=&#8221;95%&#8221; width_tablet=&#8221;75%&#8221; width_phone=&#8221;98%&#8221; width_last_edited=&#8221;on|phone&#8221; module_alignment=&#8221;right&#8221; custom_padding=&#8221;0px||0px||false|false&#8221; global_colors_info=&#8221;{}&#8221;][et_pb_column type=&#8221;4_4&#8243; _builder_version=&#8221;4.27.4&#8243; _module_preset=&#8221;default&#8221; global_colors_info=&#8221;{}&#8221;][et_pb_image src=&#8221;https:\/\/irma.ac\/wp-content\/uploads\/2025\/11\/Activities-Collective-Reflections.jpg&#8221; title_text=&#8221;Atividades &#8211; Reflex\u00f5es Coletivas&#8221; align=&#8221;center&#8221; force_fullwidth=&#8221;on&#8221; _builder_version=&#8221;4.27.5&#8243; _module_preset=&#8221;default&#8221; global_colors_info=&#8221;{}&#8221;][\/et_pb_image][\/et_pb_column][\/et_pb_row][\/et_pb_section]<\/p>\n","protected":false},"excerpt":{"rendered":"<p>Qual \u00e9 o papel d@s m\u00fasic@s em um mundo em crise?Acreditamos que @s artistas s\u00e3o capazes de catalisar mudan\u00e7as positivas. Nos tempos atuais, cada vez mais complexos, interconectados e desafiadores, n\u00e3o podemos nos dar ao luxo de ignorar sua rica fonte de inspira\u00e7\u00e3o. Portanto, organizamos workshops participativos nos quais mobilizamos a intelig\u00eancia coletiva e a [&hellip;]<\/p>\n","protected":false},"author":1,"featured_media":0,"parent":3459,"menu_order":0,"comment_status":"closed","ping_status":"closed","template":"","meta":{"_et_pb_use_builder":"on","_et_pb_old_content":"","_et_gb_content_width":"","footnotes":""},"dipi_cpt_category":[],"class_list":["post-3478","page","type-page","status-publish","hentry"],"_links":{"self":[{"href":"https:\/\/irma.ac\/pt-br\/wp-json\/wp\/v2\/pages\/3478","targetHints":{"allow":["GET"]}}],"collection":[{"href":"https:\/\/irma.ac\/pt-br\/wp-json\/wp\/v2\/pages"}],"about":[{"href":"https:\/\/irma.ac\/pt-br\/wp-json\/wp\/v2\/types\/page"}],"author":[{"embeddable":true,"href":"https:\/\/irma.ac\/pt-br\/wp-json\/wp\/v2\/users\/1"}],"replies":[{"embeddable":true,"href":"https:\/\/irma.ac\/pt-br\/wp-json\/wp\/v2\/comments?post=3478"}],"version-history":[{"count":11,"href":"https:\/\/irma.ac\/pt-br\/wp-json\/wp\/v2\/pages\/3478\/revisions"}],"predecessor-version":[{"id":3946,"href":"https:\/\/irma.ac\/pt-br\/wp-json\/wp\/v2\/pages\/3478\/revisions\/3946"}],"up":[{"embeddable":true,"href":"https:\/\/irma.ac\/pt-br\/wp-json\/wp\/v2\/pages\/3459"}],"wp:attachment":[{"href":"https:\/\/irma.ac\/pt-br\/wp-json\/wp\/v2\/media?parent=3478"}],"wp:term":[{"taxonomy":"dipi_cpt_category","embeddable":true,"href":"https:\/\/irma.ac\/pt-br\/wp-json\/wp\/v2\/dipi_cpt_category?post=3478"}],"curies":[{"name":"wp","href":"https:\/\/api.w.org\/{rel}","templated":true}]}}

Reflexões Coletivas

<p>[et_pb_section fb_built=&#8221;1&#8243; _builder_version=&#8221;4.27.4&#8243; _module_preset=&#8221;default&#8221; custom_margin=&#8221;2rem||3rem||false|false&#8221; global_colors_info=&#8221;{}&#8221;][et_pb_row column_structure=&#8221;2_5,3_5&#8243; _builder_version=&#8221;4.27.4&#8243; _module_preset=&#8221;default&#8221; custom_margin=&#8221;||||false|false&#8221; custom_padding=&#8221;||3rem||false|false&#8221; global_colors_info=&#8221;{}&#8221;][et_pb_column type=&#8221;2_5&#8243; _builder_version=&#8221;4.27.4&#8243; _module_preset=&#8221;default&#8221; global_colors_info=&#8221;{}&#8221;][et_pb_text _builder_version=&#8221;4.27.4&#8243; _module_preset=&#8221;default&#8221; global_colors_info=&#8221;{}&#8221;]</p>
<h1>Qual é o papel d@s músic@s em um mundo em crise?</h1>
<p>[/et_pb_text][/et_pb_column][et_pb_column type=&#8221;3_5&#8243; _builder_version=&#8221;4.27.4&#8243; _module_preset=&#8221;default&#8221; global_colors_info=&#8221;{}&#8221;][et_pb_text _builder_version=&#8221;4.27.4&#8243; _module_preset=&#8221;default&#8221; global_colors_info=&#8221;{}&#8221;]</p>
<p>Acreditamos que @s artistas são capazes de catalisar mudanças positivas. Nos tempos atuais, cada vez mais complexos, interconectados e desafiadores, não podemos nos dar ao luxo de ignorar sua rica fonte de inspiração. Portanto, organizamos workshops participativos nos quais mobilizamos a inteligência coletiva e a criatividade d@s músic@s em busca de respostas para algumas das crises mais urgentes do mundo.  </p>
<p>Os workshops participativos são organizados em duas partes. A primeira consiste em uma mesa redonda, na qual são apresentados exemplos existentes de iniciativas ou ações de músic@s sobre tópicos selecionados, inclusive de artistas locais. O objetivo é inspirar @s participantes a imaginar iniciativas com forte potencial de impacto social.  </p>
<p>Em seguida, @s participantes são convidad@s a trabalhar em grupos para desenvolver estratégias concretas usando uma metodologia de Design Thinking. Essa abordagem incentiva a geração de ideias inovadoras, a seleção de soluções relevantes e seu aprimoramento. Além dos resultados diretos que produz, essa técnica é valiosa para que @s artistas desenvolvam novas ideias, independentemente do tópico. Em seguida, os grupos compartilham suas descobertas em uma sessão plenária.   </p>
<p>Por fim, os resultados dessas reflexões coletivas são agregados, analisados e publicados. O primeiro evento dessa série foi realizado no L&#8217;Interlope (Case à Chocs, Neuchâtel) em 2024. </p>
<p>[/et_pb_text][/et_pb_column][/et_pb_row][/et_pb_section][et_pb_section fb_built=&#8221;1&#8243; _builder_version=&#8221;4.27.4&#8243; _module_preset=&#8221;default&#8221; background_color=&#8221;#7FFFF6&#8243; custom_margin=&#8221;||||false|false&#8221; custom_padding=&#8221;||0px||false|false&#8221; hover_enabled=&#8221;0&#8243; global_colors_info=&#8221;{}&#8221; sticky_enabled=&#8221;0&#8243;][et_pb_row column_structure=&#8221;1_2,1_2&#8243; disabled_on=&#8221;off|off|off&#8221; admin_label=&#8221;Todas as versões&#8221; _builder_version=&#8221;4.27.5&#8243; _module_preset=&#8221;default&#8221; custom_margin=&#8221;||3rem||false|false&#8221; custom_padding=&#8221;||||false|false&#8221; hover_enabled=&#8221;0&#8243; global_colors_info=&#8221;{}&#8221; sticky_enabled=&#8221;0&#8243;][et_pb_column type=&#8221;1_2&#8243; _builder_version=&#8221;4.27.4&#8243; _module_preset=&#8221;default&#8221; global_colors_info=&#8221;{}&#8221;][et_pb_image src=&#8221;https://irma.ac/wp-content/uploads/2025/10/Vignette_Reflexions-Collectives-Neuchatel.jpg&#8221; title_text=&#8221;Vinheta_Reflexões-Coletivos-Neuchatel&#8221; url=&#8221;@ET-DC@eyJkeW5hbWljIjp0cnVlLCJjb250ZW50IjoicG9zdF9saW5rX3VybF9hdHRhY2htZW50Iiwic2V0dGluZ3MiOnsicG9zdF9pZCI6IjI1NDIifX0=@&#8221; module_class=&#8221;image-cadre-var zoom-hover&#8221; _builder_version=&#8221;4.27.4&#8243; _dynamic_attributes=&#8221;url&#8221; _module_preset=&#8221;default&#8221; custom_margin=&#8221;2rem||||false|false&#8221; global_colors_info=&#8221;{}&#8221;][/et_pb_image][/et_pb_column][et_pb_column type=&#8221;1_2&#8243; _builder_version=&#8221;4.27.4&#8243; _module_preset=&#8221;default&#8221; global_colors_info=&#8221;{}&#8221;][et_pb_text _builder_version=&#8221;4.27.5&#8243; _module_preset=&#8221;default&#8221; text_orientation=&#8221;center&#8221; custom_margin=&#8221;80px||||false|false&#8221; hover_enabled=&#8221;0&#8243; text_orientation_last_edited=&#8221;off|desktop&#8221; global_colors_info=&#8221;{}&#8221; sticky_enabled=&#8221;0&#8243;]</p>
<p style="text-align: left;">Seus resultados estão disponíveis em um relatório do evento (somente em francês &#8211; clique na imagem). O projeto foi apoiado pelo Cantão de Neuchâtel como parte de seu programa <a href="https://www.ne.ch/autorites/DECS/Pages/Programme-vivre-ensemble.aspx">vivre ensemble</a>. </p>
<p>[/et_pb_text][et_pb_image src=&#8221;https://irma.ac/wp-content/uploads/2025/11/logo_Etat-NE.svg&#8221; title_text=&#8221;logo_Etat-NE&#8221; align=&#8221;center&#8221; _builder_version=&#8221;4.27.5&#8243; _module_preset=&#8221;default&#8221; width=&#8221;40%&#8221; module_alignment=&#8221;center&#8221; global_colors_info=&#8221;{}&#8221;][/et_pb_image][/et_pb_column][/et_pb_row][et_pb_row module_class=&#8221;image-cadre&#8221; _builder_version=&#8221;4.27.5&#8243; _module_preset=&#8221;default&#8221; width=&#8221;95%&#8221; width_tablet=&#8221;75%&#8221; width_phone=&#8221;98%&#8221; width_last_edited=&#8221;on|phone&#8221; module_alignment=&#8221;right&#8221; custom_padding=&#8221;0px||0px||false|false&#8221; global_colors_info=&#8221;{}&#8221;][et_pb_column type=&#8221;4_4&#8243; _builder_version=&#8221;4.27.4&#8243; _module_preset=&#8221;default&#8221; global_colors_info=&#8221;{}&#8221;][et_pb_image src=&#8221;https://irma.ac/wp-content/uploads/2025/11/Activities-Collective-Reflections.jpg&#8221; title_text=&#8221;Atividades &#8211; Reflexões Coletivas&#8221; align=&#8221;center&#8221; force_fullwidth=&#8221;on&#8221; _builder_version=&#8221;4.27.5&#8243; _module_preset=&#8221;default&#8221; global_colors_info=&#8221;{}&#8221;][/et_pb_image][/et_pb_column][/et_pb_row][/et_pb_section]</p>

<p>Qual é o papel d@s músic@s em um mundo em crise?Acreditamos que @s artistas são capazes de catalisar mudanças positivas. Nos tempos atuais, cada vez mais complexos, interconectados e desafiadores, não podemos nos dar ao luxo de ignorar sua rica fonte de inspiração. Portanto, organizamos workshops participativos nos quais mobilizamos a inteligência coletiva e a [&hellip;]</p>
